 = 6*f. What is y(v)?
-24
Let k(y) be the third derivative of y**4/8 - 3*y**2 - 2*y. What is k(1)?
3
Let o(f) be the third derivative of -f**5/120 + f**4/12 + f**3/2 + 2*f**2. Let t(y) be the first derivative of o(y). Give t(0).
2
Let r be 245/14 + 1/(-2). Suppose l - 2 = 0, 2*k + 5*l - 3 - r = 0. Let y(h) = -h**3 + 5*h**2 + 3. What is y(k)?
3
Let i = 3 - 5. Let t be i/(-4) + (-121)/(-22). Let x(g) = -g**2 + 8*g - 8. Let h be x(t). Let a(z) = -z - 2. Calculate a(h).
-6
Let q(l) = l**3 + 4*l**2 + 4. Let u be q(-4). Suppose -u*x + 5 = 1. Let w(y) = 3*y**3 + y**2 - y. Calculate w(x).
3
Let y(n) = 12 - 14 + 2 - 23*n. Give y(1).
-23
Let y(p) = -3*p + 4*p - 8 + 4 + 6. Let i be 4/18 + (-4)/18. Calculate y(i).
2
Let x(q) = q**3 + 5*q**2 + 2*q - 3. Let l(z) be the first derivative of z**2/2 + z + 3. Let m be 0 + -7 + 4/2. Let d be l(m). What is x(d)?
5
Let s(l) = 2*l - 2. Let h be s(4). Let j(w) = -2*w - 3*w - 4 + h*w. What is j(5)?
1
Let k(m) = -11*m + 2. Let x(i) = -176*i + 33. Let d(u) = -33*k(u) + 2*x(u). Calculate d(1).
11
Let o be -2 - -1*1 - -3. Let s(g) be the third derivative of g**6/120 - g**5/30 + g**4/24 + g**3/6 + 27*g**2. Determine s(o).
3
Let g(c) = -5*c**2 - 6*c + 5. Let x(w) be the first derivative of 4*w**3/3 + 5*w**2/2 - 4*w - 2. Let i(q) = 5*g(q) + 6*x(q). Give i(-1).
0
Let o(d) = -d + 1 - 1 + d**3 - 3. Let y = 19 + -4. Suppose 3*u + u = -5*h - 20, 3*h = 3*u + y. Give o(h).
-3
Let c(i) be the second derivative of -i**5/20 + i**4/2 - i**3/2 + 14*i. Give c(2).
10
Let g(p) = p + 3 + 0*p + 3. Let n be g(0). Suppose -4*t - 14 = n. Let h(k) = k**3 + 4*k**2 - 4*k + 1. Determine h(t).
-4
Let c be ((-3)/9)/(2/6). Let m(o) = 16*o**3 - 2*o**2 - 2*o - 1. Give m(c).
-17
Let n(p) = -p**3 + 4*p**2 - p + 3. Let g(m) = -m**3 + 6*m**2 + m. Let o be g(6). Let c(w) = -w**2 + 8*w - 8. Let t be c(o). What is n(t)?
-1
Let h = -49 - -45. Let d(a) = a**3 + 4*a**2 + 4*a - 2. What is d(h)?
-18
Let u(m) be the second derivative of -1/2*m**2 + 0 - 5/6*m**3 - m. What is u(-1)?
4
Let a(t) be the first derivative of 7*t**6/120 + t**5/30 + t**4/12 + t**3/6 - 9*t**2/2 + 10. Let s(k) be the second derivative of a(k). Calculate s(-1).
-6
Let l(u) = u**3 - u**2 - 3*u - 7. Let j be l(3). Let z(f) = 11*f + 2. What is z(j)?
24
Suppose -5*z = -0 + 25. Let f = z - -4. Let a be (2 - f)*(-2)/(-6). Let w(l) = -l**2 + 1. Determine w(a).
0
Let p(u) = -u**3 + 3*u**2 + 2*u - 1. Let w(o) = o**2 + 11*o - 2. Let n be w(-10). Let d = n + 14. Determine p(d).
7
Suppose -2*j - v + 15 = 2*v, 0 = -4*j - 4*v + 20. Suppose j = -4*t - 4. Let b(z) = -3*z**3 - z**2 - z. Determine b(t).
3
Let n = 1 - 7. Let y(f) be the third derivative of -f**5/60 - 5*f**4/24 + 7*f**3/6 + 2*f**2. Calculate y(n).
1
Let q be 3*(3 - (-3)/(-3)). Let y(z) = z**3 - 7*z**2 + 6*z - 7. Calculate y(q).
-7
Let d(v) = -v + 4. Suppose 2*l - 20 = 26. Suppose 5*w = -y + 6*y - 45, -2*y = -3*w - l. Calculate d(w).
9
Let k(b) = -6*b - 2. Let q(o) = o**3 + 7*o**2 - o - 4. Let z be q(-7). Suppose 19 = z*x - 5*t, -3*t = -5*x + 2*t + 15. What is k(x)?
10
Let r(n) = -11*n**3 - 12*n**2 - 2*n - 7. Let d(o) = 4*o**3 + 4*o**2 + o + 2. Let j(b) = 8*d(b) + 3*r(b). Determine j(-4).
-13
Let f = -2 - -4. Let w(u) = 3*u**3 + 2*u**2 + 5*u - 4. Let l(h) = 4*h**3 + h**2 + 6*h - 5. Let k(n) = f*l(n) - 3*w(n). Determine k(-3).
2
Let j = 6 + 0. Let d(s) = s - 6. Let t be d(j). Let z be (-2 + (-15)/(-9))*t. Let c(h) = h**3 + h**2 - h + 10. Give c(z).
10
Suppose d = -3*d + 8. Let z(l) = -2*l + 4 + 2*l**3 - 5*l**2 - 2 + 4*l**2. Calculate z(d).
10
Let g(f) = 3*f**3 - 9*f**2 + f - 1. Let r(q) = -4*q**3 + 10*q**2 + 1. Let u(v) = 5*g(v) + 4*r(v). Suppose -4*x - 3*m = -2*x + 12, 30 = -5*x + 3*m. Give u(x).
5
Let c(i) be the first derivative of -3*i**2 - i + 4. Determine c(-1).
5
Suppose 5*w - 2*p = 20, -2*p - 8 = -w - 4. Let z(r) = r**3 - 6*r**2 + 6*r. What is z(w)?
-8
Let r(m) = -m**3 - 8*m**2 - 5*m + 9. Suppose 4*o - 2*o = -14. Give r(o).
-5
Let i(m) = -36 + 37 + 3*m**2 - 2*m**2 - 3*m**2. Determine i(-2).
-7
Let x(q) be the third derivative of q**5/30 + 5*q**4/24 - 2*q**3/3 + 8*q**2. Give x(-4).
8
Suppose 2*b - 2*u - 24 = -4*u, 5*u = b + 18. Let t(c) = c**3 - 8*c**2 + 6*c + 6. Give t(b).
-1
Let f(m) = -3*m. Let t = -2 - 6. Let v be 12/t*(-2)/3. Give f(v).
-3
Let r(z) = z**2 + 3*z + 1. Suppose 2*l + 9 = 1. What is r(l)?
5
Let s(p) = -p**3 - 3*p**2 - 2. Suppose -3*b - 29 = -2*o, 0*o - 14 = b - 5*o. Let m be (b - (3 + -4)) + 2. Let k be ((-12)/(-9))/(m/9). Determine s(k).
-6
Let i(k) = 0*k**3 - 7*k**3 - k + k**3. Let f be (-24)/6 - -1 - -2. Determine i(f).
7
Suppose 0 = 2*m - 0 - 4. Suppose -5*q = -m*q + 6. Let p(k) be the second derivative of 2*k**3/3 + k**2 - 2*k. Determine p(q).
-6
Let d(i) = -i - 3. Let r be (2/(-1))/((-5)/(-2) + -2). Give d(r).
1
Let i = -11 + 16. Let x(k) be the second derivative of k**4/12 - k**3/2 - 7*k**2/2 - k. Determine x(i).
3
Let f(c) be the third derivative of -c**4/24 - 7*c**3/6 + 33*c**2. Calculate f(-5).
-2
Let m = 219 - 223. Let n(c) be the third derivative of -c**6/120 - c**5/12 - c**4/8 + c**3/3 + c**2. Give n(m).
-2
Let a(v) = -v - 5. Let r be a(-11). Let j(l) = -l + 11. Calculate j(r).
5
Let n(p) = 5 - p + 7 - 4. Give n(7).
1
Let o(b) = -15*b**2 - 4*b + 10. Let q(g) = -7*g**2 - 2*g + 5. Let s(n) = 6*o(n) - 13*q(n). Suppose -a + 5 = -4. Let p = a - 13. Determine s(p).
3
Let x(r) = -41*r**2 - 23*r - 3. Let g(m) = 14*m**2 + 8*m + 1. Let u(d) = -17*g(d) - 6*x(d). Determine u(-1).
7
Let d(p) = -p**2 - 4*p. Let k(a) = -a - 4. Let c(t) = -2*t. Let w be c(4). Let m be k(w). Let s(z) = -z**2 + 2*z + 5. Let i be s(m). Calculate d(i).
3
Suppose -6*p = -3*p. Let n(d) = d**3 - 3*d**2 + d + 2. Let q be n(2). Let x(h) = -9 + q*h**3 + 2 - h**2 + h**3 - 2*h**3. Give x(p).
-7
Let z(j) be the second derivative of -j**4/6 + 2*j**3/3 + 11*j**2/2 - 6*j. Let w(q) = 2*q**2 - 4*q - 10. Let t(b) = -6*w(b) - 5*z(b). Determine t(4).
-11
Let n(y) be the second derivative of -1/20*y**5 + 2*y + 2/3*y**3 + 0 - 1/4*y**4 + 0*y**2. Let q be 6*-3*(-2)/(-9). Give n(q).
0
Let l(f) = -1. Let d(g) = g**2 - g - 3. Suppose 0 = -3*r + r - 10. Let q(o) = r*l(o) + d(o). Give q(0).
2
Let c(j) = -21 + 3 + j + 6. Give c(6).
-6
Let l(i) = 13*i - 3. Let q(a) = -6*a + 1. Let o(n) = -2*n - 6. Let r be o(-5). Suppose r*h + h + 4*m = 4, 2*m + 8 = 0. Let w(c) = h*l(c) + 9*q(c). Give w(-4).
5
Suppose 0 = 2*s + 5*a - 33, 4*s - 6*a + 9 = -a. Let w(y) be the first derivative of 1/2*y**2 + s*y - 3. Determine w(-5).
-1
Let q = -7 - -11. Let m(i) = 3 - q - 6*i - 2*i + 6*i. Give m(2).
-5
Suppose 10 = -o - o. Let g(f) = 5*f**2 - 11*f + 6. Let b(r) = 11*r**2 - 23*r + 13. Let l(t) = -6*b(t) + 13*g(t). Let w be l(o). Let s(m) = m**3 - m. Give s(w).
0
Let t be (-1 + 1)/(-3) - -2. Suppose -o - 3*y - 3 = 0, 0*o + t*o = 5*y + 5. Let r(q) = q - 2 + o*q + 0*q + 0*q. What is r(2)?
0
Let i(x) be the first derivative of -x**2/2 - 4*x - 2. Let p be -1 + (-3)/3 - 2. Let h(q) = -q**2 - 2*q + 5. Let n be h(p). What is i(n)?
-1
Suppose 0 = 76*v - 80*v - 24. Let x(s) = 2*s + 13. Give x(v).
1
Let u(c) = 8*c - 39 + 46 - 5*c - 4*c**2 + 5*c - c**3. Suppose 0 = -3*q - q + 12. Suppose -q*n = -k - 17, -3*k - 1 = -6*k - 4*n. Calculate u(k).
-8
Let o(c) = c**2 - c - 2. Let z be o(0). Let l(y) = -2*y - 1. Let h be l(z). Let g(s) = 2*s - 3. Give g(h).
3
Let r(d) be the first derivative of d**4/4 + 7*d**3/3 + 2*d**2 - 7*d + 1. What is r(-6)?
5
Let s(w) = 4 + 11 - 14 - 6*w. Determine s(-1).
7
Let z(l) = -7*l**2 - 5*l - 7. Let n(y) = -3*y**2 - 2*y - 3. Let k(o) = 9*n(o) - 4*z(o). Suppose -6*j + 2*j - 8 = 0. Let q be (-3)/(-2 + 5) + j. Give k(q).
4
Let y(t) = -5*t - 6*t + 10*t - 4. Give y(3).
-7
Suppose g - 3 = 2. Let a(y) = -4*y + 2. What is a(g)?
-18
Let i(x) = -x - 5. Let h be i(-11). Let q(a) = -a - h + 2*a + 2*a + 0*a. Determine q(6).
12
Let o = -1 + 1. Suppose 0*z - z - 2 = o. Let m be (2 - 1)/(1/z). Let w(h) = -h**2 - 3*h - 2. Determine w(m).
0
Let j(q) = -q**3 + q**2 - q**3 + q**3 + 1. Let n be ((-2)/6)/(2/(-12)). Calculate j(n).
-3
Let g = 10 - 5. Let d(k) = k - 2. Give d(g).
3
Let i(z) = -z**3 - 5*z**2 - 7*z - 4. Let k = 3 + -7. Let m be i(k). Let u be (3/2)/((-6)/m). Let v(f) = -3*f - 3. Calculate v(u).
3
Suppose 4*a + 9 - 37 = 0. Let o(k) be the first derivative of -a*k - k**2 + 4*k - 3 + 0*k. Deter